 + 202 = 4*n. Is n prime?
True
Let r be ((-52)/(-3))/(((-12)/(-414))/1). Suppose 5*a - r = 3*j + 4246, -j = -3*a + 2904. Is a composite?
False
Suppose 0 = -8*n + 19 + 21. Suppose -4*i + 4877 = n*m, -m + 6*m - 4893 = 4*i. Is m a composite number?
False
Let u = -26 + 32. Let g = 5 + u. Is g a prime number?
True
Let n = 12426 - -13. Is n a composite number?
True
Let p(l) = -17 + 36*l + 22*l**2 - 26*l - 27*l. Is p(8) a prime number?
False
Suppose -4*c + 51 = 27. Is ((-34)/c)/(1/(-15)) composite?
True
Let k(s) = 27*s**2 + 12*s + 6. Let p(a) = 80*a**2 + 35*a + 18. Let z(v) = -11*k(v) + 4*p(v). Let x(n) = -2*n**2 - 8*n + 19. Let h be x(-6). Is z(h) prime?
True
Let f(p) be the third derivative of -35*p**4/24 + p**3/6 + 6*p**2. Is f(-6) a prime number?
True
Suppose -25 = -c - 4*c. Let l = c + -3. Is -7 + 60 + l + 0 composite?
True
Suppose 0 = -8*g + 9*g - 941. Is g a composite number?
False
Suppose -5*z = -0*z - 65. Let n(j) = 31*j - 24. Is n(z) prime?
True
Let c(f) = f**2 - 9*f + 13. Suppose 3*n + 5 = 8*n. Let a(j) = -j + 1. Let k(v) = n*c(v) - 6*a(v). Is k(11) a composite number?
True
Let x = 2088 - -5. Suppose -y - 133 = -4*t + x, 2*y - 2232 = -4*t. Is t a prime number?
True
Let s(g) = -3*g - 18. Let r be s(-9). Suppose 5*p = r*p - 1604. Is p a composite number?
False
Let b be (-2)/13 + 0 - (-1001714)/(-91). Is (-4)/(-8)*6 + b/(-2) a prime number?
True
Is (5 - (-14105)/(-10))*-2 a composite number?
True
Let p(u) = 9*u**2 - 6*u + 19. Let a be 0/1 + -4*(-7 - -4). Is p(a) a composite number?
True
Let b be (-64)/20*(4 - -6). Let l be b + 2 + 0 + 2. Is (l/(-6))/((-4)/(-114)) composite?
True
Let h(m) = 12*m**2 - 4*m - 7. Let u = 14 + -20. Is h(u) prime?
True
Let b = 16707 + 3340. Is b composite?
False
Suppose -14*z = 4*l - 10*z - 203312, 0 = 5*l - 3*z - 254180. Is l a composite number?
False
Suppose 110861 = 31*d - 154716. Is d prime?
False
Suppose 5*c = 2*j - 107677, 4*j = 22*c - 21*c + 215327. Is j a composite number?
False
Is 3 - 2 - -26248 - (-1 - 1) composite?
False
Let h = -5 + 16. Let u(d) = -13*d - 9 - 19*d + h*d - 5. Is u(-7) composite?
True
Is 1114*(6 - 476/(-8)) a prime number?
False
Let a be (1564/6)/(2/(-6)). Let q = 15 - a. Is q a composite number?
False
Let s(w) = 4*w**2 + 5*w + 21173. Is s(0) composite?
True
Suppose 0 = -5*b + 3*q + 48760, 4*q - 8 = 12. Is b composite?
True
Let p(o) = 300*o**2 + 19*o + 132. Is p(-7) a prime number?
True
Let m(f) = -f**2 - 10*f + 16. Let z be m(-11). Suppose -5301 = -z*o + 794. Is o a prime number?
False
Let r(j) = -276*j - 173. Is r(-14) a prime number?
True
Let c(h) = -24*h - 52. Let w be c(-17). Let p = w + -165. Is p a prime number?
True
Suppose -2*z + 4*r + 38 = 0, 3*r + 2 = -2*z - r. Let b be (-12)/z*-9 + -2. Is b/(9/(369/2)) a composite number?
True
Is 1121393/(-13)*9/(-63) composite?
False
Suppose a - 21045 = -0*z - 5*z, -2*a + 5*z + 42120 = 0. Is a prime?
False
Let n(g) = 4*g**3 - 16*g**2 + 14*g - 25. Is n(12) composite?
False
Is ((-23477)/34)/((-3)/6) composite?
False
Suppose 0 = -5*x + 3*x + 8. Suppose -28 = 5*h - x*h. Let c = h - -49. Is c a composite number?
True
Let c(h) = 625*h**2 - 4*h + 5. Is c(4) a composite number?
True
Suppose 8 = 2*y - 5*g, 5*y - 3*g + 6*g - 20 = 0. Suppose -y*u = -2*i - 2*u + 12, -8 = 2*u. Suppose -i*d = -4*k - 198, -k - 346 = -4*d - 3*k. Is d prime?
True
Let l(w) = -5914*w + 307. Is l(-4) prime?
False
Let v be (1/(-3))/((-2)/(-6)). Let g be (3/3)/(v/(-2)). Suppose -6*l = -g*l - 1028. Is l a prime number?
True
Let v = 105423 - -143720. Is v composite?
False
Suppose -2*p = 3*p. Suppose p*g - 6 = -2*g. Suppose -g*x + 20 = -49. Is x a composite number?
False
Let s = 5 - 9. Let w(q) = -4*q + 4. Let i be w(s). Suppose i = 4*b + 8. Is b composite?
False
Let q(t) = -t. Let y(a) = 422*a**2 - 3*a. Let b(n) = -6*q(n) + y(n). Is b(-1) a composite number?
False
Is (-2 - 15/(-9))*(36 + -1533) a prime number?
True
Let k(l) = -794*l**3 + 6*l**2 + 4*l - 13. Is k(-3) prime?
True
Suppose 22926 + 84555 = 3*n. Is n a composite number?
True
Suppose -3*d + w = -114632, 4*d - w = 2*w + 152846. Let n = d + -21209. Suppose 5*p = -5*s + 12585, 4*p + 6937 = -3*s + n. Is p a prime number?
False
Let c(p) be the third derivative of -239*p**4/24 + 37*p**3/6 + 9*p**2. Is c(-8) prime?
True
Let z = 2930 - 1542. Let b = z + -102. Is b composite?
True
Is 8/336*6 - 730056/(-14) a composite number?
False
Let h be -2 + (0 - 6)/(-3). Suppose h = 6*b - 4*b - 3342. Suppose 0 = -s - 2*s + b. Is s a composite number?
False
Suppose 0 = -x + 34 - 399. Let g = -1331 - -635. Let d = x - g. Is d composite?
False
Let w = -1983 - -10624. Is w a prime number?
True
Is ((-7)/14)/(1/(-60118)) composite?
False
Let w = -4349 + 6502. Suppose 0 = 15*o - 16*o + w. Is o a composite number?
False
Let j be 3*-3*32/36. Is 2/((j/372)/(-1)) composite?
True
Let k = 13792 - 7148. Is 7/21 - k/(-3) composite?
True
Let q = 7920 + -3977. Is q a prime number?
True
Let a = 475 + 676. Is a a composite number?
False
Let o = -1549 - -2183. Suppose 0 = -6*y + o + 2360. Is y a composite number?
False
Let i = -26 + 779. Is ((-10)/6)/(-5)*i composite?
False
Let z be (8 - 0) + (4 - 6). Let k = 8 - z. Suppose 1234 + 272 = k*v. Is v a composite number?
True
Let s(h) = -h**3 - 3*h**2 - 6*h - 13. Let r = 43 + -48. Is s(r) composite?
False
Suppose 0 = 3*b + 3*i + 5155 - 29929, -5*i - 25 = 0. Is b composite?
False
Let l be (-7 - -156)*(-1)/(-1). Suppose 4*f = -5*i + 5285, -5*f = i - l - 887. Is i composite?
False
Let c(i) = -88*i - 3. Let z be c(-3). Suppose 3*s = j + 7*s - 62, -3*j + z = -3*s. Let t = 201 - j. Is t composite?
True
Suppose -196*m + 202*m - 774942 = 0. Is m prime?
False
Let y(z) = z - 19. Let t be y(9). Let v be (-596)/t - 16/(-40). Suppose 0 = -q + 245 - v. Is q prime?
False
Let r(s) = -s**2 + 5*s - 4. Let d be r(4). Suppose d = -u - 718 - 356. Let q = 3253 + u. Is q composite?
False
Let u = -31 + 35. Let x = 256 + -151. Suppose u*i = -y + x, -2*i = 3*y + 2*i - 331. Is y composite?
False
Let v(l) = 14*l**3 + l**2 - 2*l + 2. Let r be v(-2). Suppose x - 699 = -2*x. Let q = r + x. Is q a composite number?
False
Let u = -8027 - -11296. Is u composite?
True
Is (3/((-27)/(-6)))/(116/3766578) a composite number?
False
Is (-3)/27 + (-35790)/(-135) prime?
False
Suppose 0 = -4*v + 2*g + 4251 - 663, -4*g = -4*v + 3596. Is v composite?
True
Suppose 2*s = 1724 + 6918. Is s a prime number?
False
Let t be (-16)/4 + 0 - 828. Let a = t - -1389. Is a prime?
True
Let b(u) = -u**3 - 5*u**2 - 3*u - 3. Let q be b(-5). Suppose -q*t - 479 = -13*t. Is t prime?
True
Suppose 3*m = -10*l + 8*l + 5580, l + 3713 = 2*m. Is m prime?
False
Let y(k) = 1540*k + 3. Is y(2) a prime number?
True
Suppose -5*a - 25 = 0, 7*d + 2*a + 230 = 3*d. Let f be (-4)/5*180/24. Is f/(-9) + d/(-3) a composite number?
False
Let p be (12/24)/(1*(-2)/(-1096)). Let j = -281 - -168. Let u = j + p. Is u a composite number?
True
Let m(r) = -r**3 - 2*r**2 + r - 6. Let i be m(-3). Suppose 5 = 5*u + 3*a - 0*a, 2*u + a - 2 = i. Is 4/4*14 - u composite?
False
Let o be 1*(2 + -33) + -1. Let l be (o/(-20))/((-3)/(-30)). Is l*12 - (-5 + 3) prime?
False
Is 99944/20 + (-8)/40 a prime number?
False
Let k = -373 + 1046. Is k a composite number?
False
Suppose 11*i + 3*i = 361774. Is i prime?
True
Suppose 3*k - 4*k + 839 = -4*q, -5*k + 625 = -3*q. Let c = q - 85. Let h = c - -436. Is h prime?
False
Suppose 0 = -52*k + 53*k - 4227. Is k prime?
False
Let w(v) = v**2 - 7*v + 1. Let u be w(7). Let i(t) = 9*t**2 + 2*t - 14. Let g(f) = f**3 + f - 1. Let d(s) = u*g(s) - i(s). Is d(10) a composite number?
False
Let j(s) be the first derivative of 15*s**3 + 10*s + 23. Is j(-7) prime?
False
Let x(p) = 2*p**3 + 4*p - 3. Let m be x(3). Let q = -93 + m. Let a = 29 - q. Is a composite?
False
Let h(b) = 47*b + 5. Let j = -35 + 41. Is h(j) composite?
True
Let y(m) = 0 - 2*m**2 + 3*m + 0*m**2 + 3*m**2 + 1. Let w be y(-4). Suppose -6*v + 103 = -w*v. Is v composite?
False
Let g(l) = -22*l + 94. Is g(-16) a composite number?
True
Suppose -1568 = 6*t + 9124. Let d = 2644 + t. Is d prime?
False
Let c be (-1308)/(-28) - (-4)/14. Suppose k - 5*k = 0. Suppose 5*o = 2*v + o - 18, 3*v - 2*o - c = k. Is v composite?
False
Let t = 1087 - -163. Let g(p) = p**2 - 3*p - 1. Let x be g(4). Suppose -x*c = -373 - t. Is c prime?
True
Suppose 